
3330210033
What is e2040 (base 16) in base 14?
1a153a
-3639305 (base 10) to base 4
-31320200021
What is 12bc (base 16) in base 15?
164b
Convert -12322121132 (base 5) to base 10.
-15035792
-b5a403 (base 12) to base 15
-3b7046
Convert 2b4884 (base 15) to base 9.
3836337
6293b (base 12) to base 2
11111100010111111
125654142 (base 7) to base 9
16236813
Convert 1011010000122 (base 3) to base 12.
256475
What is 303260 (base 8) in base 10?
100016
What is -3ca56 (base 15) in base 4?
-233202102
What is -9470373 (base 10) in base 13?
-1c67793
What is -10001011011101111 (base 2) in base 3?
-10121221201
What is -204460 (base 9) in base 10?
-121392
-5c997 (base 15) to base 3
-120000202021
-87851 (base 9) to base 11
-3a877
-1402734 (base 9) to base 11
-486311
Convert 1b9487 (base 13) to base 4.
2230113220
Convert 24b666 (base 14) to base 11.
791258
2a353 (base 14) to base 11
71924
1630ab (base 13) to base 3
1000220121211
Convert -11001100101001111 (base 2) to base 14.
-2a287
What is 1b740 (base 15) in base 6?
1525453
What is 9199d (base 15) in base 16?
70975
-22100140 (base 5) to base 3
-100200112212
10002112 (base 5) to base 13
298c4
Convert 250233 (base 8) to base 5.
10224141
What is -542a7 (base 11) in base 14?
-20a6c
Convert 10010011010000100100 (base 2) to base 12.
251084
What is 1114ac3 (base 13) in base 8?
23765064
233323302 (base 4) to base 5
22240323
Convert -1b00a3 (base 12) to base 9.
-806346
919c8 (base 13) to base 15
524a6
What is 6547250 (base 8) in base 7?
20634661
What is 1111211000020 (base 3) in base 10?
803364
What is -110011100110001101001 (base 2) in base 8?
-6346151
Convert 1002000301 (base 4) to base 6.
5443441
What is -13240220 (base 5) in base 13?
-48ba1
What is -1151013 (base 7) in base 8?
-436576
What is -1471209 (base 10) in base 5?
-334034314
10563550 (base 7) to base 11
580758
221111021 (base 4) to base 16
29549
What is -41003122 (base 5) in base 2?
-1010000001101011001
132446565 (base 7) to base 5
4142044120
Convert -98883b (base 12) to base 15.
-32c24e
What is 1551121 (base 6) in base 15?
1c521
Convert -1830825 (base 10) to base 9.
-3400370
What is -151205465 (base 7) in base 10?
-10035737
Convert 201312120 (base 4) to base 13.
4b153
Convert -21000212122222 (base 3) to base 5.
-1424043324
What is -40450113 (base 6) in base 4?
-10122203331
253182 (base 9) to base 14
3dbc1
-2100020012110 (base 3) to base 8
-4576606
-222012221 (base 3) to base 15
-59e4
Convert -28b964 (base 12) to base 2.
-10100110111110011100
-201201314 (base 5) to base 13
-22185c
What is -10101111110110101100 (base 2) in base 12?
-2a8a10
Convert 3480 (base 13) to base 14.
2987
-24255143 (base 6) to base 13
-20c436
Convert -2074047 (base 8) to base 4.
-2013200213
What is 10102021111221 (base 3) in base 9?
3367457
What is 133223 (base 4) in base 15?
902
582ba (base 14) to base 12
a4224
Convert 30201010130 (base 4) to base 8.
14410434
What is 197375 (base 11) in base 14?
7c3b0
What is 15837876 (base 10) in base 7?
251422365
-100011101000011000111001 (base 2) to base 7
-142251462
What is 1000100001000111010 (base 2) in base 12?
115622
2742128 (base 9) to base 16
16f322
What is 14194f (base 16) in base 5?
314122244
Convert -4322232 (base 5) to base 6.
-1324002
What is -23772 (base 13) in base 15?
-143c9
Convert -2214452 (base 6) to base 5.
-12024300
Convert 40375 (base 12) to base 2.
10100011000001001
116345361 (base 7) to base 11
4174886
-1637b (base 16) to base 14
-25243
What is -2222110021 (base 3) in base 13?
-20908
-a59994 (base 11) to base 8
-6362166
-1148a0 (base 11) to base 14
-4a50a
Convert efc (base 16) to base 14.
1580
What is -34115741 (base 8) in base 11?
-4190724
What is 2211121121 (base 4) in base 5?
133134330
Convert -22577 (base 9) to base 15.
-46da
-588e8 (base 16) to base 11
-228583
What is -1000100000111010001101111 (base 2) in base 14?
-252b1dd
11020021211 (base 3) to base 7
464623
-24902 (base 12) to base 6
-1022002
Convert 11af01 (base 16) to base 13.
317662
Convert -103b24 (base 15) to base 12.
-312921
Convert 3906ca (base 14) to base 2.
111011110101001111010
-45a712 (base 11) to base 6
-23402535
What is -100378 (base 13) in base 15?
-752d4
What is 5483d1 (base 14) in base 12?
b62343
Convert 101043344 (base 5) to base 11.
25a502
1824026 (base 11) to base 8
13634113
Convert -1eb2cb (base 15) to base 3.
-2211111200202
-8767458 (base 9) to base 8
-21756525
What is 24735 (base 14) in base 3?
11112101201
Convert -198c760 (base 14) to base 6.
-1132242144
What is 2032024 (base 5) in base 2?
1000001001101101
34444220 (base 6) to base 13
2b31b8
1010111111101000010 (base 2) to base 10
360258
-170216 (base 8) to base 9
-103424
Convert -40625373 (base 8) to base 14.
-11daa39
Convert -27705 (base 9) to base 6.
-223005
Convert -8547902 (base 10) to base 13.
-1a0393c
What is 2343425 (base 6) in base 10?
122633
1544203 (base 8) to base 2
1101100100010000011
-13343323 (base 9) to base 6
-353033250
What is 103305652 (base 7) in base 2?
10111100010011001100111
-210210110221011 (base 3) to base 11
-65a1559
What is 116470 (base 8) in base 3?
2001012200
What is 1111100111011001 (base 2) in base 3?
10020201221
What is -33310155 (base 6) in base 8?
-3651667
What is -2021123 (base 5) in base 15?
-9a28
Convert 10100101111010110100010 (base 2) to base 12.
19a2396
What is -1933d (base 15) in base 13?
-2b282
Convert 1a6224 (base 12) to base 13.
134677
What is -bb1b69 (base 13) in base 5?
-2111340122
31554 (base 12) to base 2
1111110011010000
-3505140 (base 6) to base 2
-101011111100010100
-82a965 (base 11) to base 7
-14215564
1103323010 (base 5) to base 13
6611aa
What is 111200010200 (base 3) in base 5?
32102400
Convert -10151848 (base 9) to base 8.
-22463724
What is 213131 (base 8) in base 11?
4959a
Convert -605620 (base 10) to base 4.
-2103312310
Convert -1332300013 (base 4) to base 11.
-325078
What is 4410014 (base 5) in base 16?
12772
What is 36342521 (base 8) in base 7?
124555245
Convert 22100222221 (base 3) to base 15.
33c37
3463211 (base 8) to base 7
11010316
d4360 (base 14) to base 13
14b800
Convert -134313 (base 5) to base 16.
-15cf
-26c415 (base 13) to base 6
-32100310
What is -3a27129 (base 11) in base 15?
-9285ce
-2890814 (base 10) to base 12
-b74b12
What is -3463a2 (base 14) in base 15?
-253a55
What is 78335 (base 16) in base 14?
cb5d3
Convert -213312201 (base 4) to base 14.
-436b7
Convert -120517 (base 8) to base 16.
-a14f
-113314401 (base 5) to base 6
-15140122
What is -11212112201 (base 4) in base 3?
-2202120110022
Convert -1553033 (base 6) to base 3.
-11201010210
What is -49564 (base 11) in base 9?
-117621
What is -430110210 (base 5) in base 7?
-21206540
What is 12460b6 (base 13) in base 14?
a84226
5a5367 (base 12) to base 16
1649bf
Convert 4971395 (base 11) to base 12.
2a87bb0
-23d2d3 (base 16) to base 5
-1100111411
What is 1111010111101110011 (base 2) in base 6?
14443443
42044330 (base 6) to base 15
1913c0
3702ab (base 13) to base 15
1ae640
What is 3b9c7 (base 14) in base 3?
21111011012
-2d36cb (base 15) to base 16
-2164fd
What is 46040622 (base 7) in base 2?
1111010010111111111100
What is -1333750 (base 8) in base 15?
-76090
-15015145 (base 8) to base 12
-1188085
Convert 5222021 (base 6) to base 9.
423444
What is 103047b (base 14) in base 8?
35124755
105a51 (base 12) to base 9
434217
Convert 517572 (base 9) to base 5.
34314004
Convert -10110100101111000010 (base 2) to base 5.
-142142130
11232112 (base 4) to base 3
1012011101
-40504112 (base 7) to base 4
-30321012311
-52175 (base 9) to base 8
-103154
-38486 (base 13) to base 7
-612224
What is 3323223030 (base 4) in base 14?
1cb96c
3426a56 (base 11) to base 7
101656131
What is -10000101000110101000 (base 2) in base 14?
-102984
Convert 77415 (base 10) to base 5.
4434130
What is 1045430 (base 6) in base 13?
1b213
What is -40623423 (base 7) in base 6?
-200521350
Convert 1130402302 (base 5) to base 11.
150a691
What is 22000212021 (base 3) in base 12?
775a4
Convert 1001101010010000110 (base 2) to base 8.
1152206
466501 (base 8) to base 16
26d41
Convert -131c63 (base 14) to base 4.
-2200231033
Convert -2439b (base 16) to base 4.
-210032123
Convert 10b394 (base 14) to base 16.
8ad96
Convert 100223200 (base 4) to base 6.
1244144
Convert 2684 (base 13) to base 11.
4165
What is -12010241414 (base 5) in bas